ate the remainder when f is divided by m.
0
Let j(i) = i**3 - 9*i**2 - 10*i + 14. Suppose 0*r - 40 = -5*r. Calculate the remainder when j(10) is divided by r.
6
Suppose 8*y = 3*y - 3*l + 797, -3*y + 485 = -5*l. Suppose 0 = -6*h + h + y. What is the remainder when h is divided by 17?
15
Let t = -4 + 7. Suppose -3*s - t*w - 12 = 0, 3*w - 4*w + 32 = -5*s. What is the remainder when 4 is divided by (-2)/s - (-10)/6?
0
Let q = 5 + 35. Let y(w) = 2*w + 2. Calculate the remainder when q is divided by y(6).
12
Suppose 2*o = 6, 5*d - 4 = -4*o + 18. Suppose -h + 6 = d. Suppose -h*v + 21 = -39. Calculate the remainder when v is divided by 8.
7
Suppose 5*r = -0*r + 125. Calculate the remainder when 99 is divided by r.
24
Suppose 32*w = 29*w + 222. What is the remainder when w is divided by 11?
8
Suppose 5*z + 1 - 15 = -3*k, k - 12 = 2*z. What is the remainder when k is divided by 4?
0
What is the remainder when 20 is divided by ((-3)/63 - 2/7)*-18?
2
Let n(x) = -x**3 + 8*x**2 - 5*x - 9. Calculate the remainder when 14 is divided by n(7).
4
Suppose -12*i + 995 + 25 = 0. What is the remainder when i is divided by -1 - -31 - (-1 + 2)?
27
Let p = -22 + 54. Suppose 3*z - p + 5 = 0. What is the remainder when 15 is divided by z?
6
Let o(c) = 0*c - c**3 - 3 - 7*c + 3*c. Suppose t - 5*t = 8. What is the remainder when o(t) is divided by 5?
3
Let y = 21 - 13. What is the remainder when y is divided by 2?
0
Let w = 0 + 3. Suppose w*q = -0*q - 3. Calculate the remainder when 26 - -2 - (q - 0) is divided by 10.
9
Let y = 1 - -16. Suppose -4*q - 5*g + 2 + 20 = 0, 4*g = -2*q + 14. Suppose 3 + q = t. Calculate the remainder when y is divided by t.
5
Suppose -4*u - 3 = -5*u + r, -4*u = 2*r - 18. Let l = -11 - -11. Suppose l = w + u*w - 80. Calculate the remainder when w is divided by 6.
4
Suppose -4*y = -5*b + 226, 0*b - 4*b + 179 = -5*y. Suppose -9 = -5*k + b. Calculate the remainder when 31 is divided by k.
9
Let v(q) = 3*q**3 - q**2 + 2*q + 3. Let j be v(-2). Let k(a) = 13*a**2 - a - 4. Let o be k(2). Let s = j + o. Calculate the remainder when 65 is divided by s.
14
Let v be (-70)/9 + 2/(-9). Let x = v - -3. Let o = 7 - x. What is the remainder when 21 is divided by o?
9
Suppose 0 = 2*m - 3*m + 6. Suppose 46 = 5*s + m. Calculate the remainder when 39 is divided by s.
7
Suppose 0 = -5*g + 135 - 50. Suppose p - 64 = -2*u, -u - p + 42 = 2*p. Suppose -g - u = -v. Calculate the remainder when v is divided by 24.
23
Suppose -28 = -6*a + 14. Calculate the remainder when 17 is divided by a.
3
Suppose -5*a + 36 = -44. Suppose b + a = 5*b. Let m(u) = -u**2 - 8*u - 9. What is the remainder when b is divided by m(-6)?
1
Let i = 56 + -40. Let w = -18 + 48. Calculate the remainder when w is divided by i.
14
Suppose -153*s - 153 = -162*s. Suppose 0 = 3*y - 6*y - 9, 0 = -2*j + 2*y + 102. What is the remainder when j is divided by s?
14
Suppose -2*x = y - 16, y + 26 + 28 = 5*x. Suppose -4*s = 2*v - 102, -v = v - x. Suppose 0 = -2*n - n + 36. Calculate the remainder when s is divided by n.
11
Let c be (-6)/(-9) - 3/(-9). Suppose 4 = t - c. Calculate the remainder when t is divided by 4.
1
Let t = -3 + 4. Suppose -4*r = v - 1, 3*v + 4*r + 5 - 8 = 0. What is the remainder when v is divided by t?
0
Let b = -2 - -6. Let n(t) = 5*t - 10 + 1 - 3*t. Calculate the remainder when n(10) is divided by b.
3
What is the remainder when 6*(0 + 10/4) is divided by 8?
7
Let x(j) = -j**3 + 8*j**2 - 4*j + 7. Suppose 35 + 15 = 5*a. Calculate the remainder when x(7) is divided by a.
8
Let f = -8 - -17. Let a = 14 - f. What is the remainder when a is divided by (2/5)/((-3)/(-15))?
1
Suppose 0*d = 5*d + 15. What is the remainder when 14 is divided by d/(-4) - 17/(-4)?
4
Let d(v) = v**3 - 5*v**2 + 7. Calculate the remainder when 25 is divided by d(5).
4
Let o be 50/18 + 6/27. Suppose 4*q + 111 = 3*z, -21 = -z - q - o*q. Suppose 0 = -5*r + z + 7. Calculate the remainder when 30 is divided by r.
6
What is the remainder when ((-35)/(-15))/(-7) + (-232)/(-3) is divided by 20?
17
Let d(t) = 14*t**3 - t**2. Let b be d(1). Suppose -2*c + 2*p = -26, 2*c - 3*p = b + 17. Calculate the remainder when 24 is divided by c.
6
Let k = -6 + 9. Let n = 5 + -5. Suppose n = -2*w + k - 1. What is the remainder when 2 is divided by w?
0
Suppose 2*s - 5*s - 4*u + 52 = 0, -3*s + u + 47 = 0. Suppose 0 = k - 2*k + s. What is the remainder when 45 is divided by k?
13
Let k(b) be the first derivative of 2*b**3/3 - 11*b**2/2 + 6*b - 4. Calculate the remainder when 79 is divided by k(7).
25
Let c = -12 + 14. Calculate the remainder when 10 is divided by c.
0
Suppose y = 2 + 10. What is the remainder when 35 is divided by y?
11
Suppose 3*h + 4 - 10 = 0. Suppose 7 = -3*o + 2*r, -3*r - 2*r = -3*o - 22. Let m = o - -1. What is the remainder when h is divided by m?
0
Let i = -1 + 16. Suppose 4*f - i = 13. Suppose -3*w + 7 = -2. What is the remainder when f is divided by w?
1
Let l = 16 - 12. Let m(v) = -v + 13. What is the remainder when m(6) is divided by l?
3
Let c(a) = -2*a**3 + 13*a**2 - 4*a. Calculate the remainder when 55 is divided by c(6).
7
Let s be -1*2 - (17 - 48). Let q = -24 + s. What is the remainder when -2 + 2 + 26/2 is divided by q?
3
Let g = -26 - -29. Suppose -4*i + 12 = -48. Suppose 0 = -g*b, b + 11 + i = j. What is the remainder when j is divided by 14?
12
Suppose 3*c + 68 = 3*v - 16, v = 3*c + 30. Calculate the remainder when 53 is divided by v.
26
Let s be 22/5 + (-6)/(-10). Suppose u - 3*v - 2*v = -19, -2*u - v = -17. What is the remainder when 20/(s + (-3 - 0)) is divided by u?
4
Let p = 194 - 80. What is the remainder when p is divided by 39?
36
Let o = -3 - -19. Let u(j) = -7*j - 1. Calculate the remainder when o is divided by u(-1).
4
Suppose -2*h + 9 = 1. Suppose 0 = 2*x - 4*r + 2, r = -h*x + 5. Suppose -5*u - m + 7 = 0, m + 5 - 11 = -4*u. Calculate the remainder when x is divided by u.
0
Suppose 4 = 2*a, -4*a + 9 = -2*s + 1. Suppose -c + 35 = -d, -23 = -c - s*d - 2*d. What is the remainder when c is divided by 17?
14
Let b(s) = 30*s + 5. Calculate the remainder when b(1) is divided by 10.
5
Let c be 1/(4/40*2). Suppose 9 = l + 2*x, 0 = -l - 4*l - c*x + 30. Calculate the remainder when 9 is divided by l.
0
Let j = 184 - 135. What is the remainder when 144 is divided by j?
46
Suppose -s + 4*d = -3, -5*d + d = 3*s - 89. Calculate the remainder when s is divided by 4.
3
Suppose 2*o - 13 = 33. Calculate the remainder when 65 is divided by o.
19
Suppose 11 = 3*s + 2*p, -3*s - 3*p = -0*s - 9. Let z(d) = -d**3 - 2*d**2 + d. Let c be z(-2). What is the remainder when 3 + 33/(-6)*c is divided by s?
4
Suppose l - 6 = 1. Suppose -9 = -3*g - 3*d - 0*d, 3*g - 9 = d. Suppose -g*m + 19 = 5*w, 4*m + 4*w - 1 - 19 = 0. Calculate the remainder when l is divided by m.
1
What is the remainder when 43 is divided by -5*1/(4/(-12))?
13
Suppose c - z = 91, 0*z - 275 = -3*c + 2*z. Calculate the remainder when c is divided by 32.
29
Suppose 5*c + 9 - 24 = 0. Calculate the remainder when 6 is divided by c.
0
Let h(z) = -z + 6. Let j(d) = 3*d - 13. Let t(s) = 5*h(s) + 2*j(s). Suppose 4*w = 6*w - 14. Calculate the remainder when 32 is divided by t(w).
10
Let l(d) = 5*d**2 + 8*d + 5. Let k(c) = 6*c**2 + 8*c + 5. Let h(s) = -6*k(s) + 7*l(s). What is the remainder when 66 is divided by h(6)?
15
Let s(f) = -f**3 + 10*f**2 + 4. Let b be s(10). Suppose -17 = -b*h + 3*k, 0 = -2*h + h + k + 5. Calculate the remainder when h is divided by 2.
0
Let r(g) = 2*g**3 + 7*g**2 + 4*g + 11. Let s(y) = y**3 + y**2 - y + 1. Let f(p) = -r(p) + 3*s(p). Calculate the remainder when f(6) is divided by 6.
4
Let i(y) = 2*y**2 - 7*y - 7. Calculate the remainder when 67 is divided by i(6).
21
Let b = 61 - 45. What is the remainder when 60 is divided by b?
12
Suppose 0 = -5*g, -b - 58 = -3*b + 2*g. What is the remainder when 85 is divided by b?
27
Let y(r) = r**2 - 9*r - 1. What is the remainder when y(11) is divided by 12?
9
Suppose 5*j - 103 = 37. Suppose j + 16 = 2*t. Let q = 77 + -34. What is the remainder when q is divided by t?
21
Suppose 0*j + 60 = 5*j. Let g(l) = -l**2 + 14*l - 13. What is the remainder when g(j) is divided by 6?
5
Suppose 6 = 3*i - 9. Suppose u + i = -2*k, -5*u + 6*k = k - 35. What is the remainder when u is divided by 2?
1
Suppose 1 = -r + 